)) prime?
False
Suppose -24 = -4*v + 4*j + 8, -2*j = 8. Let y = -31 + 217. Suppose 0 = v*u - u - y. Is u a prime number?
False
Is (10/(-20))/(2/(-3644)) composite?
False
Suppose -452 = -2*u - 104. Suppose -2*x = -6*x + 2*h + 234, -3*x = -h - u. Is x composite?
True
Let l(y) = 6*y + 9. Is l(7) a prime number?
False
Suppose -5 = -4*f + 7, -4*x + 1267 = f. Suppose b + 1493 = 4*s + x, b = -s + 288. Is s a prime number?
True
Suppose z - 6 = 4*o, 8*o - z = 3*o - 8. Let j be (16/(-10))/(o/5). Suppose -j*y = y - 325. Is y a prime number?
False
Let l be (-2)/(-3)*63/14. Let v = l - -40. Is v a prime number?
True
Let b = 111 + 1. Suppose -c + 151 = 5*i, -4*i - c - 2*c = -b. Is i composite?
False
Is (36 - 2)*((-26)/(-4) - 1) a prime number?
False
Let n be 93/(-2)*16/(-24). Suppose -r + 264 = n. Is r prime?
True
Let l(a) = -22*a. Let q be l(-1). Let y = 43 + q. Is y a composite number?
True
Let m = -201 - -459. Let j(g) = 207*g + 2. Let i be j(2). Let h = i - m. Is h a composite number?
True
Is 12/10*44040/48 prime?
False
Let r(p) be the first derivative of -p**4/4 + 4*p**3/3 + p**2/2 + 11*p - 3. Let s be r(-9). Suppose -3*y - 2*y + s = 0. Is y a prime number?
True
Suppose -4*t = t - 30. Suppose -h + t*h - 370 = 0. Is h prime?
False
Suppose -2*l + 3 = -l. Is -3 - (-3)/(l/56) a prime number?
True
Let k(t) be the first derivative of t**3/3 - 2*t**2 - t + 2. Is k(-4) prime?
True
Let u(z) = 30*z + 25. Is u(6) prime?
False
Let c(g) = -g - 2. Let y be c(-5). Let b be y/(-12) + 2/8. Suppose -5*l + 104 + 81 = b. Is l composite?
False
Suppose 2*x - 181 - 85 = 0. Is x a prime number?
False
Let o = -8 + 5. Let z be o + 0 - (-4 - 4). Suppose 0 = -5*k - z*r + 1850, 4*k + 3*r = -376 + 1857. Is k prime?
False
Let a(w) = w**2 - 16*w + 1. Let l(y) = y**2 - 15*y + 2. Let q(s) = 5*a(s) - 6*l(s). Let r be q(5). Let d = r + -8. Is d a prime number?
False
Suppose -3*q - u + 34 - 9 = 0, 2*q + 3*u = 5. Let o be ((-12)/(-10))/((-2)/(-5)). Let w = q + o. Is w composite?
False
Let v = 352 - 234. Is v a prime number?
False
Let i be (-5)/10*(-1 - 97). Suppose -i = -2*z + 13. Is z a composite number?
False
Let z = 23 + 339. Suppose 0 = 4*a - z - 218. Is a composite?
True
Is 3/(-2 - (-2245)/1115) composite?
False
Is (-2 - -4) + 912 + 5 a composite number?
False
Suppose 5*m - 12454 = -r, -4987 = -2*m + 3*r + 2*r. Is m prime?
False
Suppose -4*b + 4*c = 84, -2*c + 27 + 36 = -3*b. Is b/(-49) - 8054/(-7) a composite number?
False
Let u = 9 + -9. Suppose 4 + u = 4*c. Is (c/2)/((-3)/(-1842)) a composite number?
False
Suppose -15*o + 19490 = -5*o. Is o composite?
False
Let c be -10 - 3/((-6)/2). Let d be (-2)/c - (-4)/(-18). Suppose 5*z = -b + 75, 5*z - 3*b + d*b = 75. Is z composite?
True
Let m(l) be the second derivative of -5*l**3/6 + l**2 - 3*l. Let f(k) = k**2 + 20*k - 9. Let g(u) = 2*f(u) + 9*m(u). Is g(-7) a composite number?
True
Suppose 2*d = -4*d + 10146. Is d a prime number?
False
Let r(y) = y + 2. Let b be r(0). Suppose 0 = b*l - 8. Suppose -159 = l*h - 7*h. Is h composite?
False
Let a = 6 - -1. Suppose 0 = -a*v + 2*v - 25. Let u = -3 - v. Is u prime?
True
Let m(d) = -14*d**3 - d**2 - 3*d + 9. Is m(-4) a prime number?
False
Suppose 4*h + 2*q - 5*q = 0, 3*h = -5*q + 29. Suppose 0 = 2*s + 4*t - 638, -h*s - 5*t = -342 - 616. Is s a prime number?
False
Let j(q) = 29*q**2 + 18*q + 50. Is j(-9) a composite number?
False
Let p(b) = -b**3 + 5*b**2 - 3*b - 2. Let w be p(4). Suppose 2*n + w*n - 4*m = 32, -2*n + 4*m = -26. Suppose -47 = -4*t + n*t. Is t a prime number?
True
Let u = -608 - -1249. Is u composite?
False
Suppose 2*v - 4*x - 188 = 0, -v + 3*x + 0*x = -99. Suppose i + 2*i = v. Let u = 63 - i. Is u a prime number?
False
Suppose x = -4*x - 140. Let p = 59 + x. Is p a composite number?
False
Let w(c) = -38*c**3 - c**2 - 2*c - 1. Let o(y) = -2*y + 3. Let m(z) = z**3 + 8*z**2 - 10*z - 7. Let h be m(-9). Let f be o(h). Is w(f) composite?
True
Let g be 2*-1*1 - -47. Let o = 130 - g. Is o composite?
True
Let z(o) = 2*o - 8. Let g be z(5). Is 1*(508/2)/g composite?
False
Let z(a) be the third derivative of -11*a**6/60 + a**5/60 - a**4/24 + a**3/6 - 3*a**2. Let d be z(1). Let p = 35 + d. Is p a composite number?
True
Suppose 0*i + 10 = -2*i, -z - 4*i = 18. Suppose 0 = -4*u - 5*h + 373, -4*h = -z*u + 3*u - 85. Is u composite?
False
Let c = -4 + 2. Let r(t) = -21*t + 2. Let z(m) = 43*m - 5. Let v(h) = 5*r(h) + 2*z(h). Is v(c) a composite number?
True
Let m(v) = 265*v - 17. Is m(4) prime?
False
Let w(u) = -4*u**2 + 94*u - 10. Let n(h) = -3*h**2 + 63*h - 7. Let v(i) = 7*n(i) - 5*w(i). Is v(-14) prime?
True
Suppose 2*m + 9 = 15. Suppose 2*y = -m*y + 835. Is y a composite number?
False
Let w(s) = 3*s**2 + 10*s - 9. Is w(-8) composite?
False
Let z(r) = 3*r + 24. Let b be z(-9). Let x(p) = 0*p - 5 + 2*p - 2*p**3 + 3 - 3*p**2. Is x(b) composite?
False
Suppose 2*x = -b + 1, 2*b + 4 = -x - x. Suppose -4*u + d - 204 = -43, -2*d - 107 = x*u. Let s = 74 + u. Is s a prime number?
False
Let d be (0 - 1) + (174 - 0). Let a = 438 - d. Is a prime?
False
Let o = -75 + 198. Let i = 278 - o. Suppose 3*t - 5*t + i = 3*p, 0 = t + 5*p - 74. Is t a prime number?
True
Let c = -3 + 7. Let i = 41 - c. Is i prime?
True
Let u = 20 + -14. Is u prime?
False
Is -3 + 3 + 306 - -1 a composite number?
False
Suppose 2685 = 3*y - u, 297 = -y - 3*u + 1182. Suppose 4*h + 888 = 4*x, -5*x = -x + 2*h - y. Is x a composite number?
False
Suppose 3*y = t + 13, -3*y + 2*t = -t - 15. Suppose -731 - 145 = -y*b. Is b prime?
False
Let g be 15/(-12) + 6/(-8). Let s = g + 2. Suppose 6*m - 2*m - 76 = s. Is m prime?
True
Suppose -4*k + 6*k - 370 = 0. Let l = -1 + 7. Suppose -k = -l*i + i. Is i a composite number?
False
Suppose 0 = 4*n - 2*t - 270, -298 = -5*n + 3*t + 38. Is n a composite number?
True
Let b(d) = -4 - 4 + 3 + 27*d. Is b(4) prime?
True
Let j be -1 + -2 - (-2 + -1). Suppose j*i - 25 = -5*i. Suppose 0*a - 265 = -i*a + 2*s, -4*a - s + 212 = 0. Is a prime?
True
Let p(b) = 117*b**2 - 4*b - 3. Let n be p(-2). Suppose -2*w + 106 = 3*m - n, 5*w - 397 = -2*m. Is m a composite number?
False
Let f(u) = 286*u**2 + u - 1. Is f(-2) a composite number?
True
Let s(z) = -z**2 + z - 2. Let p be s(3). Is 218*1 + (-9 - p) composite?
True
Let g be 0*1/(-3)*-3. Suppose g*r = -4*r + 460. Is r a prime number?
False
Let r(j) = -j**3 + 3*j + 177. Is r(0) a composite number?
True
Let p(r) = -r**2 + 85. Let j(s) = s**2 - 85. Let b(o) = -5*j(o) - 4*p(o). Suppose 0 = t - 6*t. Is b(t) composite?
True
Suppose -o = -57 - 62. Is o a prime number?
False
Let n(h) = -25*h - 4. Suppose 3*t - 6 = 4*c - 22, -2*c - 6 = 2*t. Let o be n(t). Suppose 0 = -4*f + 4*u + 136, -3*f - 2*u + 3*u = -o. Is f a prime number?
True
Let c(f) = 5*f**2 + 7*f - 2. Let d be c(-5). Suppose -142 = -3*s + 5*l, 0*s + 2*s - d = 5*l. Suppose -4*g = 2*v - s, -v + 3*g + g + 51 = 0. Is v composite?
True
Let d be ((-2)/(-3) - 1)*-6. Let v(p) = 4 + 1 - d*p**2 + 4*p**2 - 1 + 3*p. Is v(-5) a prime number?
False
Suppose 3*i - i = 0. Suppose -2*d + i*d + 46 = 0. Is d prime?
True
Suppose 14 = 5*j + l, -j - 4 = l - 10. Let m be (1 + 2 - 1)*j. Suppose -14 - 6 = -5*d, m*d = 4*p - 76. Is p prime?
True
Let j(m) = 1406*m - 7. Is j(3) composite?
False
Let s(n) = n**3 - 6*n**2 + 7*n - 4. Let z be s(4). Let j = -6 - z. Suppose 3*a + 7 = v - 12, -j*v + 20 = 3*a. Is v a prime number?
True
Let q(p) = p**3 + 9*p**2 - p - 5. Is q(-4) a prime number?
True
Suppose -4*m + 5*l - 3 = -2, 3*l + 5 = m. Let b = -1 - m. Suppose -z - 63 = -2*z + b*k, -k = 3*z - 169. Is z prime?
False
Let b be 1/(-2 + 3) + 5. Let j(x) = x**2 - 5*x - 3. Is j(b) a composite number?
False
Let b(f) = -5 + 2 + 4*f**3 - 3*f**3 - 6*f**2 + 6*f + f**3. Suppose -10 = -4*l + 10. Is b(l) prime?
True
Let l(p) = p**2 - 2. Let k be ((-3)/2 - 0)*2. Is l(k) composite?
False
Let o(l) = -6*l + 2. Let b be o(-5). Let a(c) = c + 6. Let i be a(-6). Suppose -4*x + 4*n + 100 - 12 = i, 2*x + 2*n = b. Is x a composite number?
False
Let a(y) = 493*y**3 + 2*y - 2. Is a(1) a prime number?
False
Let l be 18/(-8) + (-1)/(-4). Is (2/(l/119))/(-1) prime?
False
Let r(p) = 23*p**2 + 2. Let i(z) = 91*z**2 + z + 7. Let l(t) = -2*i(t) + 9*r(t). Is l(3) prime?
True
Let i(r) be the first derivative of 3*r**5/40 + 7*r**4/24 + r**3/3 + 1. Let o(s) be the third derivative of i(s). Is o(8